 50 - 2*x + 0*x**3. Determine j(b).
-2
Let q = 2413 + -2421. Let v(g) be the second derivative of -g**4/12 - 4*g**3/3 - 4*g**2 + 4*g. Give v(q).
-8
Let s(d) = -d**3 - 11*d**2 + 11*d + 17. Let j(x) = 5*x + 65. Let q be j(-13). Suppose q = 10*p + 124 - 4. Determine s(p).
29
Let i(f) = f**3 - 9*f**2 - f + 8. Let q be i(9). Let j(k) be the first derivative of 1/3*k**3 + 21/4*k**4 - k + 0*k**2 + 20. Determine j(q).
-21
Suppose -17*s - 7 = -143. Suppose 0 = -0*o - 5*o + 10. Let j(r) = -12 - s*r + 2*r**2 + o - r**2. Calculate j(9).
-1
Let u(d) be the second derivative of -d**5/20 - d**4/6 - d**3/6 - d**2 + 3*d. Let g be (249/996)/((-2)/16). Calculate u(g).
0
Let f(v) = 17*v + 13. Let s(r) = -4*r - 3. Let z = -1916 + 1934. Suppose -3*u + 4*u = 4. Let j(a) = u*f(a) + z*s(a). What is j(-2)?
6
Suppose -3919 = 7*h - 181. Let b = -536 - h. Let r(c) = -11*c + 1. Give r(b).
23
Let g(b) = -b**3 + 14*b**2 + 15*b - 7. Let j = -7158 + 7173. What is g(j)?
-7
Let x(h) be the third derivative of 0*h - 19*h**2 - 5/24*h**4 + 1/30*h**5 + 0*h**3 + 0. Let p be (-1)/3*-4*3. Give x(p).
12
Let q(i) be the third derivative of i**4/24 - i**3/3 - 4*i**2. Let w be q(3). Let r(p) = p - p**2 - w + 3*p - 8*p. Calculate r(-3).
2
Let d(n) = n**3 + 10*n**2 + 2. Let m be (-3)/4 + 575/20. Suppose 40 = -32*h + m*h. Calculate d(h).
2
Let n(b) be the third derivative of -b**4/24 + 7*b**3/6 - 2*b**2 - 8. Suppose 0 = -y + 4*p - 21, 0*y + 73 = -5*y + 4*p. Give n(y).
20
Let b(g) = -29*g + 4. Let k(l) = -6*l + 1. Let y(a) = 2*b(a) - 11*k(a). Let p(r) = -5*r + 1. Let u(z) = -5*p(z) - 3*y(z). Calculate u(-6).
-2
Let n(v) = 8*v**2 - v. Let p(y) = y**3 + 11*y**2 + 8*y - 22. Let s be p(-10). Let k be ((-28)/12 - s)*3*-1. Determine n(k).
7
Let n(o) be the third derivative of o**6/120 + 7*o**5/60 + 5*o**4/24 + 7*o**3/6 - 9*o**2 + 37*o. Let c be (-45)/75 + (-64)/10. Determine n(c).
-28
Let n = 226 - 253. Let w be n + 25 + 2*3. Let h(a) = -a**3 + 4*a**2 + a - 5. Calculate h(w).
-1
Let m be -10*(16/56 + (-11)/14). Suppose 26 = 5*c - 2*g, -2*c + 3*c - m*g = 19. Let j(t) = t - 1. Calculate j(c).
3
Let z(n) = 1 - 1 + 35*n + 6*n**2 + 3 - 30*n - 7*n**2. Calculate z(4).
7
Let m(f) be the third derivative of -f**5/60 - 11*f**4/24 - 13*f**3/6 - f**2. Let r = -6685 + 6675. Determine m(r).
-3
Let h = -17523 + 17530. Let p(f) = -2*f**3 + 22*f**2 - 55*f - 4. Give p(h).
3
Suppose -1 = -a - j, 4*a - 13*j + 50 = -11*j. Let o(s) = -5*s - 19. What is o(a)?
21
Suppose 0 = 6*v - 163 - 11. Let f = 128 - v. Suppose 94*c + 30 = f*c. Let o(i) = 2*i - 6. Determine o(c).
6
Let n(w) = 3*w**3 - w**2 - 4*w - 31. Let k(p) = 2*p**3 + p**2 - 5*p - 19. Let b(q) = 4*k(q) - 3*n(q). Calculate b(6).
5
Let r(z) = -z**3 + 6*z**2 - 7*z. Let d(l) be the first derivative of l**4/4 - 5*l**3/3 + 3*l**2 - 22. Let m(n) = -4*d(n) - 3*r(n). Give m(2).
-6
Let k(w) = 2*w. Let o(x) be the first derivative of 5*x**2/2 - 31*x - 9. Let u be o(7). Suppose -5*c - 4*g = -c + 8, 0 = 5*c - u*g - 35. Give k(c).
6
Let z = 1 - 9. Let i(f) be the first derivative of -f**4/4 - 10*f**3/3 - 17*f**2/2 - 4*f - 15032. Calculate i(z).
4
Let l(n) = n**2 - 78. Let d be l(9). Let z(v) = -v**3 + v**2 + 9*v - 14. What is z(d)?
-5
Let f(s) = 5*s + 97. Let p be (-30 + 5)*(-52)/(-65). What is f(p)?
-3
Suppose -l + 6 = 2*y, -2*y + 1910 - 1896 = 2*l. Let p(z) = 2*z**2 - 12*z + 7. Give p(l).
39
Let c = -336 - -342. Let p(g) = 0*g - 3 - 6*g**2 + 6*g + c*g**2 - g**2. What is p(4)?
5
Suppose 57*s = 241*s + 95*s + 31*s. Let x(d) = -d**3 + d**2 - 6*d - 3. Give x(s).
-3
Let p = -8231 + 8224. Let j(i) = -9*i - 63. Give j(p).
0
Let b(f) = -f**3 - 4*f**2 + 5*f + 3. Let j be b(-5). Let p(o) = j*o**2 + 10 - 20 + 11. Suppose 0 = -2*i + d - 3, d - 1 = -2*i - 2. Determine p(i).
4
Let o(x) = x**2 + 15*x + 45. Let p(t) = -t**3 + 21*t**2 - 37*t - 25. Let a be p(19). Let g be o(a). Let b(i) = 2*i**2 + 13*i - 4. Give b(g).
41
Let u(h) be the third derivative of -h**6/120 - h**5/15 - h**4/24 + h**3/2 + h**2. Let i = -39 - -81. Let l be 16/(-6) + (-14)/i. Determine u(l).
-3
Let w(q) = 4*q**2 + q - 1. Let x be w(1). Let s(n) = 93*n + 6. Let u(j) = -34*j - 2. Let o(z) = -4*s(z) - 11*u(z). Give o(x).
6
Let y(f) = 32 + 777183*f - 388593*f - 388588*f. Give y(-13).
6
Let q(r) be the first derivative of r - 11/2*r**2 + 1. Calculate q(2).
-21
Let o(m) = 7*m**3 - 5*m**2 + 5*m - 2. Let f = 242 + -240. Give o(f).
44
Let v(s) = -s**2 - 30*s + 128. Let u(d) = -1821*d - 1855. Let r be u(-1). Give v(r).
-8
Suppose s = -3*a - 8, -21*a + 5*s = -17*a + 36. Let j(u) = -13*u - 37. Give j(a).
15
Let u(n) = -16*n**3 + 18*n**2 + 15*n + 52. Let d(r) = -13*r**3 + 18*r**2 + 15*r + 50. Let m(b) = -5*d(b) + 4*u(b). What is m(19)?
34
Suppose 8574 - 384 = 18*q. Let i = 461 - q. Let w(r) = r**3 - 7*r**2 + 9*r. Calculate w(i).
18
Let y(l) = l - 6. Let x(k) = k**2 + 12*k + 36. Let g be x(-8). Suppose g*h = 4*u + 20, h - 4*u = -2 - 8. Suppose -11*o = -h*o. Give y(o).
-6
Let k(t) = -9*t. Let a(v) = 2*v**2 + 2*v - 2. Suppose -215 - 120 = 5*r. Let f = 67 + r. Let n be a(f). Give k(n).
18
Let c = -49 - -238. Suppose -7*j = 20*j + c. Let u(d) = -5*d - 8. Calculate u(j).
27
Let r(j) = 2*j - 1. Let f(w) = -w**2 + 7*w - 12. Let y be f(2). Let v = 2 - y. Give r(v).
7
Let r(x) be the third derivative of x**6/360 - x**5/8 + 29*x**4/24 + 79*x**3/6 + x**2 + 20. Let k(u) be the first derivative of r(u). Give k(12).
-7
Let u(h) = 4*h**2 + 8*h - 11. Let a(z) = -5*z**2 - 9*z + 12. Let s(x) = 3*a(x) + 4*u(x). Suppose 0 = -298*q + 316*q + 144. Determine s(q).
16
Let o(s) = -s**3 - s**2 + s - 19. Let h be (-1)/2*(3/1 + -21). Suppose -5*p = 3*r - h, -2*p = -3*r + 8 + 1. What is o(p)?
-19
Suppose 10*j = 4*t + 5*j - 82, 50 = 2*t + 2*j. Suppose -36 = -t*d + 27*d. Let k(v) = -v. Give k(d).
9
Let d(l) = -44*l - 31. Let y(v) = v**3 + 9*v**2 - 68*v - 571. Let z be y(-7). Determine d(z).
-163
Let u(y) = -y + 1. Suppose 0 = -12*w + 14*w - 4. Let p(v) = w*v**2 + 5 - 1 - 1 - 3*v + 3. Let z(c) = -p(c) + 6*u(c). Give z(-2).
-2
Let q = 74 + -71. Let i(y) = 26 + 30 - 59 + y - y**3 - 4*y**2 + 2*y**q. Suppose o + d + 17 = 4*o, -5*d - 17 = 2*o. What is i(o)?
1
Suppose 1 = p + 4*b + 3, -28 = -5*p - b. Let m(u) = u**3 + 3*u**2 + 4*u + 3. Let x(h) = 2*h**3 - 2*h**2 - 1. Let q(o) = -m(o) + x(o). Determine q(p).
8
Let y(a) = 6*a - 3. Let b = -119 - -119. Suppose -5*c + 25 = 4*p, -2*p + 7*p = b. What is y(c)?
27
Suppose -2 + 8 = 3*j. Let u(b) = j + 3*b + 7*b + 2*b - 11*b. Calculate u(-5).
-3
Let k(s) = 2*s**3 + 2*s**2 + s + 1. Suppose 14 = -n - 28. Let q be n/(-15) + (-1)/(-5). Suppose -12 = g - 5*g, -q*g = -5*h - 19. What is k(h)?
-9
Let s(n) = -n - 1. Let g(k) = 2*k + 49. Let a be g(-22). Let d(f) = 7 - 13 + a. Let u(c) = -6*d(c) - s(c). Calculate u(5).
12
Let a(m) = 37*m - 528. Let n(s) = 9*s - 126. Let q(w) = -2*a(w) + 9*n(w). Determine q(9).
-15
Let q(m) be the third derivative of -m**6/120 - 7*m**5/60 - 3*m**4/8 + 2*m**3/3 + 12*m**2 + 35. What is q(-3)?
-5
Let m = -6 - -11. Let v be m + -7 - (-6)/(0 + -2). Let z(x) be the third derivative of -x**4/24 - 2*x**2. What is z(v)?
5
Let k(c) = 3087*c - 5 - 77 - 3096*c. Give k(-10).
8
Suppose -3*j = 4*v - 31, 0 = -3*v - 2*v + 5. Let q = 86 - 72. Let b(p) = q*p - 16*p - 1 + j*p. Calculate b(-1).
-8
Let l(q) be the third derivative of q**7/630 + q**6/360 + 71*q**4/24 + 33*q**2 - 2*q. Let d(x) be the second derivative of l(x). Determine d(-1).
2
Let w(u) = -8*u - 40. Let h be w(11). Let m = h + 130. Let s(l) = -2*l**2 + 2*l + 2. Calculate s(m).
-2
Suppose s = 5*k - 20, -5*s = 2*k + 7 + 39. Let y(h) = 18 + 5559*h - 1850*h - 1852*h - 1854*h + 6. Determine y(s).
-6
Suppose 624 = m + 3*y, 3*y + 2*y = 5*m - 3220. Suppose 0 = 8*n + n + m. Let i = n + 72. Let b(x) = -4*x**3 - x**2 + 1. Determine b(i).
-4
Let c(p) = -263*p**2 + 2*p - 21. Let o(k) = -158*k**2 + k - 10. Let u(v) = 3*c(v) - 5*o(v). Let f be (0/2)/(1 - 3). Give u(f).
-13
Let l(m) = m**3 - 49*m**2 + 139*m - 47. Let t be l(46). Let z(c) = c + 13 + 7 + c**2 - 19. Determine z(t).
1
Let z be (-1)/(-2) + 76/(-8). Let l(o) be the first derivative of -o**2/2 - 11*o - 1577. What is l(z)?
-2
Let a(f) = -6*f**3 + 12*f**2 - 7*f. Let p(r) = r**3 - r**2. Let q(k) = a(k) + 5*p(k). Let t(u) = u**3 - 70*u - 220. Let i be t(-5). What is q(i)?
15
Let q be 21/12 + (-1)/(-4). Let u(d) = -d**3 +